{"id":6799,"date":"2025-02-09T01:02:47","date_gmt":"2025-02-09T01:02:47","guid":{"rendered":"https:\/\/cearacruz.com.br\/?page_id=6799"},"modified":"2025-08-18T22:57:15","modified_gmt":"2025-08-18T22:57:15","slug":"tecnico-em-portos","status":"publish","type":"page","link":"https:\/\/cearacruz.com.br\/portal\/tecnico-em-portos\/","title":{"rendered":"T\u00e9cnico em Portos"},"content":{"rendered":"\t\t<div data-elementor-type=\"wp-page\" data-elementor-id=\"6799\" class=\"elementor elementor-6799\" data-elementor-post-type=\"page\">\n\t\t\t\t<div class=\"elementor-element elementor-element-3ec58f0b e-flex e-con-boxed wpr-particle-no wpr-jarallax-no wpr-parallax-no wpr-sticky-section-no wpr-equal-height-no e-con e-parent\" data-id=\"3ec58f0b\" data-element_type=\"container\" data-e-type=\"container\">\n\t\t\t\t\t<div class=\"e-con-inner\">\n\t\t\t\t<div class=\"elementor-element elementor-element-7a37d724 elementor-invisible elementor-widget elementor-widget-image\" data-id=\"7a37d724\" data-element_type=\"widget\" data-e-type=\"widget\" data-settings=\"{&quot;_animation&quot;:&quot;fadeInDown&quot;}\" data-widget_type=\"image.default\">\n\t\t\t\t<div class=\"elementor-widget-container\">\n\t\t\t\t\t\t\t\t\t\t\t\t\t\t\t<img decoding=\"async\" src=\"https:\/\/cearacruz.com.br\/portal\/wp-content\/uploads\/elementor\/thumbs\/Mask-group-1-r5tsq8925gwwjdbwxczom9zxp1eciw2y41rc7yjzec.png\" title=\"Mask group (1)\" alt=\"Mask group (1)\" loading=\"lazy\" \/>\t\t\t\t\t\t\t\t\t\t\t\t\t\t\t<\/div>\n\t\t\t\t<\/div>\n\t\t<div class=\"elementor-element elementor-element-10f98870 e-con-full elementor-hidden-mobile e-flex wpr-particle-no wpr-jarallax-no wpr-parallax-no wpr-sticky-section-no wpr-equal-height-no elementor-invisible e-con e-child\" data-id=\"10f98870\" data-element_type=\"container\" data-e-type=\"container\" data-settings=\"{&quot;animation&quot;:&quot;fadeInLeft&quot;}\">\n\t\t<div class=\"elementor-element elementor-element-650d5769 e-con-full elementor-hidden-mobile e-flex wpr-particle-no wpr-jarallax-no wpr-parallax-no wpr-sticky-section-no wpr-equal-height-no e-con e-child\" data-id=\"650d5769\" data-element_type=\"container\" data-e-type=\"container\" data-settings=\"{&quot;background_background&quot;:&quot;classic&quot;}\">\n\t\t\t\t<div class=\"elementor-element elementor-element-256363d elementor-widget elementor-widget-spacer\" data-id=\"256363d\" data-element_type=\"widget\" data-e-type=\"widget\" data-widget_type=\"spacer.default\">\n\t\t\t\t<div class=\"elementor-widget-container\">\n\t\t\t\t\t\t\t<div class=\"elementor-spacer\">\n\t\t\t<div class=\"elementor-spacer-inner\"><\/div>\n\t\t<\/div>\n\t\t\t\t\t\t<\/div>\n\t\t\t\t<\/div>\n\t\t\t\t<\/div>\n\t\t<div class=\"elementor-element elementor-element-2c6861f6 e-con-full e-flex wpr-particle-no wpr-jarallax-no wpr-parallax-no wpr-sticky-section-no wpr-equal-height-no e-con e-child\" data-id=\"2c6861f6\" data-element_type=\"container\" data-e-type=\"container\">\n\t\t\t\t<div class=\"elementor-element elementor-element-42d29d5d elementor-widget elementor-widget-heading\" data-id=\"42d29d5d\" data-element_type=\"widget\" data-e-type=\"widget\" data-widget_type=\"heading.default\">\n\t\t\t\t<div class=\"elementor-widget-container\">\n\t\t\t\t\t<h2 class=\"elementor-heading-title elementor-size-default\">T\u00e9cnico em Portos<\/h2>\t\t\t\t<\/div>\n\t\t\t\t<\/div>\n\t\t\t\t<\/div>\n\t\t<div class=\"elementor-element elementor-element-5c4285d3 e-con-full e-flex wpr-particle-no wpr-jarallax-no wpr-parallax-no wpr-sticky-section-no wpr-equal-height-no e-con e-child\" data-id=\"5c4285d3\" data-element_type=\"container\" data-e-type=\"container\">\n\t\t\t\t<div class=\"elementor-element elementor-element-5a4110df elementor-hidden-tablet elementor-hidden-mobile elementor-widget elementor-widget-image\" data-id=\"5a4110df\" data-element_type=\"widget\" data-e-type=\"widget\" data-widget_type=\"image.default\">\n\t\t\t\t<div class=\"elementor-widget-container\">\n\t\t\t\t\t\t\t\t\t\t\t\t\t\t\t<img decoding=\"async\" src=\"https:\/\/cearacruz.com.br\/portal\/wp-content\/uploads\/elementor\/thumbs\/image-12-r17v87mw39ji1b0wtxynspmimhijz1fdny1k7628fy.png\" title=\"image 12\" alt=\"image 12\" loading=\"lazy\" \/>\t\t\t\t\t\t\t\t\t\t\t\t\t\t\t<\/div>\n\t\t\t\t<\/div>\n\t\t\t\t<div class=\"elementor-element elementor-element-2782cc51 elementor-hidden-desktop elementor-hidden-mobile elementor-widget elementor-widget-image\" data-id=\"2782cc51\" data-element_type=\"widget\" data-e-type=\"widget\" data-widget_type=\"image.default\">\n\t\t\t\t<div class=\"elementor-widget-container\">\n\t\t\t\t\t\t\t\t\t\t\t\t\t\t\t<img decoding=\"async\" src=\"https:\/\/cearacruz.com.br\/portal\/wp-content\/uploads\/elementor\/thumbs\/image-12-r17v87mvhc5expxmpzfcawn8legb1bdhpy7oe1q2eo.png\" title=\"image 12\" alt=\"image 12\" loading=\"lazy\" \/>\t\t\t\t\t\t\t\t\t\t\t\t\t\t\t<\/div>\n\t\t\t\t<\/div>\n\t\t\t\t<\/div>\n\t\t\t\t<\/div>\n\t\t<div class=\"elementor-element elementor-element-3b5d48ca e-con-full elementor-hidden-desktop elementor-hidden-tablet e-flex wpr-particle-no wpr-jarallax-no wpr-parallax-no wpr-sticky-section-no wpr-equal-height-no e-con e-child\" data-id=\"3b5d48ca\" data-element_type=\"container\" data-e-type=\"container\">\n\t\t<div class=\"elementor-element elementor-element-5264060c e-con-full e-flex wpr-particle-no wpr-jarallax-no wpr-parallax-no wpr-sticky-section-no wpr-equal-height-no e-con e-child\" data-id=\"5264060c\" data-element_type=\"container\" data-e-type=\"container\">\n\t\t\t\t<div class=\"elementor-element elementor-element-4fdb6e51 elementor-widget elementor-widget-heading\" data-id=\"4fdb6e51\" data-element_type=\"widget\" data-e-type=\"widget\" data-widget_type=\"heading.default\">\n\t\t\t\t<div class=\"elementor-widget-container\">\n\t\t\t\t\t<h2 class=\"elementor-heading-title elementor-size-default\">T\u00e9cnico em Portos<\/h2>\t\t\t\t<\/div>\n\t\t\t\t<\/div>\n\t\t\t\t<\/div>\n\t\t<div class=\"elementor-element elementor-element-281d0a81 e-con-full e-flex wpr-particle-no wpr-jarallax-no wpr-parallax-no wpr-sticky-section-no wpr-equal-height-no e-con e-child\" data-id=\"281d0a81\" data-element_type=\"container\" data-e-type=\"container\">\n\t\t\t\t<div class=\"elementor-element elementor-element-48b52c64 elementor-hidden-desktop elementor-hidden-tablet elementor-widget elementor-widget-image\" data-id=\"48b52c64\" data-element_type=\"widget\" data-e-type=\"widget\" data-widget_type=\"image.default\">\n\t\t\t\t<div class=\"elementor-widget-container\">\n\t\t\t\t\t\t\t\t\t\t\t\t\t\t\t<img decoding=\"async\" src=\"https:\/\/cearacruz.com.br\/portal\/wp-content\/uploads\/elementor\/thumbs\/image-12-r17v87mw39ji1b0wtxynspmimhijz1fdny1k7628fy.png\" title=\"image 12\" alt=\"image 12\" loading=\"lazy\" \/>\t\t\t\t\t\t\t\t\t\t\t\t\t\t\t<\/div>\n\t\t\t\t<\/div>\n\t\t\t\t<\/div>\n\t\t\t\t<\/div>\n\t\t\t\t<div class=\"elementor-element elementor-element-7b97b8c9 elementor-invisible elementor-widget elementor-widget-text-editor\" data-id=\"7b97b8c9\" data-element_type=\"widget\" data-e-type=\"widget\" data-settings=\"{&quot;_animation&quot;:&quot;fadeInLeft&quot;}\" data-widget_type=\"text-editor.default\">\n\t\t\t\t<div class=\"elementor-widget-container\">\n\t\t\t\t\t\t\t\t\t<p>O T\u00e9cnico formado em Portos pelo CEA ser\u00e1 capaz de:<\/p>\t\t\t\t\t\t\t\t<\/div>\n\t\t\t\t<\/div>\n\t\t\t\t<div class=\"elementor-element elementor-element-27c216a4 elementor-invisible elementor-widget elementor-widget-text-editor\" data-id=\"27c216a4\" data-element_type=\"widget\" data-e-type=\"widget\" data-settings=\"{&quot;_animation&quot;:&quot;fadeInLeft&quot;}\" data-widget_type=\"text-editor.default\">\n\t\t\t\t<div class=\"elementor-widget-container\">\n\t\t\t\t\t\t\t\t\t<ul><li>Desenvolver atividades de gerenciamento, monitoramento, supervis\u00e3o, programa\u00e7\u00e3o e controle em opera\u00e7\u00f5es portu\u00e1rias diversas;<\/li><li>Controlar, programar e coordenar opera\u00e7\u00f5es de transportes em geral, inclusive o transporte de cargas perigosas;<\/li><li>Prestar suporte t\u00e9cnico em atividades de armazenamento de cargas, inclusive armazenagem de cargas perigosas;<\/li><li>Supervisionar opera\u00e7\u00f5es de embarque, transbordo e desembarque de carga entre os diversos modos de transporte;<\/li><li>Prestar suporte t\u00e9cnico para o agenciamento de embarca\u00e7\u00f5es;<\/li><li>Encaminhar procedimentos de importa\u00e7\u00e3o e exporta\u00e7\u00e3o;<\/li><li>Verificar as condi\u00e7\u00f5es de seguran\u00e7a dos meios de transportes, equipamentos utilizados e das cargas;<\/li><li>Programar e supervisionar a manuten\u00e7\u00e3o de equipamentos eletromec\u00e2nicos de opera\u00e7\u00e3o portu\u00e1ria;<\/li><li>Verificar e inspecionar a efici\u00eancia operacional de equipamentos e ve\u00edculos;<\/li><li>Interpretar, elaborar e preparar a documenta\u00e7\u00e3o necess\u00e1ria ao desembara\u00e7o aduaneiro de cargas;<\/li><li>Atender clientes internos e externos;<\/li><li>Elaborar a cota\u00e7\u00e3o de pre\u00e7os de servi\u00e7os de transporte, inclusive transporte multimodal;<\/li><li>Identificar e programar rotas de transporte de cargas;<\/li><li>Utilizar tecnologias aplicadas ao processo de gest\u00e3o da informa\u00e7\u00e3o sobre<\/li><\/ul>\t\t\t\t\t\t\t\t<\/div>\n\t\t\t\t<\/div>\n\t\t\t\t\t<\/div>\n\t\t\t\t<\/div>\n\t\t<div class=\"elementor-element elementor-element-723c25f e-flex e-con-boxed wpr-particle-no wpr-jarallax-no wpr-parallax-no wpr-sticky-section-no wpr-equal-height-no e-con e-parent\" data-id=\"723c25f\" data-element_type=\"container\" data-e-type=\"container\">\n\t\t\t\t\t<div class=\"e-con-inner\">\n\t\t<div class=\"elementor-element elementor-element-6472de8 e-con-full e-flex wpr-particle-no wpr-jarallax-no wpr-parallax-no wpr-sticky-section-no wpr-equal-height-no e-con e-child\" data-id=\"6472de8\" data-element_type=\"container\" data-e-type=\"container\" data-settings=\"{&quot;background_background&quot;:&quot;classic&quot;}\">\n\t\t<div class=\"elementor-element elementor-element-cce8a98 e-con-full e-flex wpr-particle-no wpr-jarallax-no wpr-parallax-no wpr-sticky-section-no wpr-equal-height-no e-con e-child\" data-id=\"cce8a98\" data-element_type=\"container\" data-e-type=\"container\">\n\t\t\t\t<div class=\"elementor-element elementor-element-b27ac85 elementor-widget elementor-widget-heading\" data-id=\"b27ac85\" data-element_type=\"widget\" data-e-type=\"widget\" data-widget_type=\"heading.default\">\n\t\t\t\t<div class=\"elementor-widget-container\">\n\t\t\t\t\t<h2 class=\"elementor-heading-title elementor-size-default\">Mais informa\u00e7\u00f5es<\/h2>\t\t\t\t<\/div>\n\t\t\t\t<\/div>\n\t\t\t\t<div class=\"elementor-element elementor-element-7c71690 elementor-widget__width-initial elementor-widget elementor-widget-text-editor\" data-id=\"7c71690\" data-element_type=\"widget\" data-e-type=\"widget\" data-widget_type=\"text-editor.default\">\n\t\t\t\t<div class=\"elementor-widget-container\">\n\t\t\t\t\t\t\t\t\t<div><div style=\"display: flex;\"><p>Dura\u00e7\u00e3o do curso:<\/p><div style=\"color: white;\">\u00a018 meses<\/div><\/div><div style=\"display: flex;\"><p>Per\u00edodo:<\/p><div style=\"color: white;\">\u00a0Noturno<\/div><\/div><div><p>Hor\u00e1rio de atendimento para matr\u00edcula:<\/p><div style=\"color: white;\">11h \u00e0s 17h<\/div><\/div><\/div>\t\t\t\t\t\t\t\t<\/div>\n\t\t\t\t<\/div>\n\t\t<div class=\"elementor-element elementor-element-916a2dc e-con-full e-flex wpr-particle-no wpr-jarallax-no wpr-parallax-no wpr-sticky-section-no wpr-equal-height-no e-con e-child\" data-id=\"916a2dc\" data-element_type=\"container\" data-e-type=\"container\" data-settings=\"{&quot;background_background&quot;:&quot;classic&quot;}\">\n\t\t\t\t<div class=\"elementor-element elementor-element-992c880 elementor-widget elementor-widget-text-editor\" data-id=\"992c880\" data-element_type=\"widget\" data-e-type=\"widget\" data-widget_type=\"text-editor.default\">\n\t\t\t\t<div class=\"elementor-widget-container\">\n\t\t\t\t\t\t\t\t\t<p>INVESTIMENTO: 18x de R$380,00<\/p>\t\t\t\t\t\t\t\t<\/div>\n\t\t\t\t<\/div>\n\t\t\t\t<\/div>\n\t\t\t\t<div class=\"elementor-element elementor-element-1e1c4d9 elementor-mobile-align-center elementor-widget elementor-widget-button\" data-id=\"1e1c4d9\" data-element_type=\"widget\" data-e-type=\"widget\" data-widget_type=\"button.default\">\n\t\t\t\t<div class=\"elementor-widget-container\">\n\t\t\t\t\t\t\t\t\t<div class=\"elementor-button-wrapper\">\n\t\t\t\t\t<a class=\"elementor-button elementor-button-link elementor-size-sm\" href=\"https:\/\/docs.google.com\/forms\/d\/e\/1FAIpQLSe4eFDmoQ3dGzjeTjxvdVV-F38I2JcagsQRYxiC-BdORuXkYg\/viewform\" target=\"_blank\">\n\t\t\t\t\t\t<span class=\"elementor-button-content-wrapper\">\n\t\t\t\t\t\t\t\t\t<span class=\"elementor-button-text\">Fazer pr\u00e9-inscri\u00e7\u00e3o<\/span>\n\t\t\t\t\t<\/span>\n\t\t\t\t\t<\/a>\n\t\t\t\t<\/div>\n\t\t\t\t\t\t\t\t<\/div>\n\t\t\t\t<\/div>\n\t\t\t\t<\/div>\n\t\t<div class=\"elementor-element elementor-element-1bcc456 e-con-full e-flex wpr-particle-no wpr-jarallax-no wpr-parallax-no wpr-sticky-section-no wpr-equal-height-no e-con e-child\" data-id=\"1bcc456\" data-element_type=\"container\" data-e-type=\"container\">\n\t\t\t\t<div class=\"elementor-element elementor-element-6e973b7 elementor-hidden-tablet elementor-hidden-mobile elementor-invisible elementor-widget elementor-widget-image\" data-id=\"6e973b7\" data-element_type=\"widget\" data-e-type=\"widget\" data-settings=\"{&quot;_animation&quot;:&quot;fadeInRight&quot;}\" data-widget_type=\"image.default\">\n\t\t\t\t<div class=\"elementor-widget-container\">\n\t\t\t\t\t\t\t\t\t\t\t\t\t\t\t<img decoding=\"async\" src=\"https:\/\/cearacruz.com.br\/portal\/wp-content\/uploads\/elementor\/thumbs\/Group-457-1-r17unehnb0dwpac16bd9gb5ky0f17mwq2ic8gqeima.png\" title=\"Group 457 (1)\" alt=\"Group 457 (1)\" loading=\"lazy\" \/>\t\t\t\t\t\t\t\t\t\t\t\t\t\t\t<\/div>\n\t\t\t\t<\/div>\n\t\t\t\t<\/div>\n\t\t\t\t<\/div>\n\t\t\t\t\t<\/div>\n\t\t\t\t<\/div>\n\t\t<div class=\"elementor-element elementor-element-9767ba2 e-flex e-con-boxed wpr-particle-no wpr-jarallax-no wpr-parallax-no wpr-sticky-section-no wpr-equal-height-no e-con e-parent\" data-id=\"9767ba2\" data-element_type=\"container\" data-e-type=\"container\">\n\t\t\t\t\t<div class=\"e-con-inner\">\n\t\t<div class=\"elementor-element elementor-element-fa8bce5 e-con-full e-flex wpr-particle-no wpr-jarallax-no wpr-parallax-no wpr-sticky-section-no wpr-equal-height-no elementor-invisible e-con e-child\" data-id=\"fa8bce5\" data-element_type=\"container\" data-e-type=\"container\" data-settings=\"{&quot;animation&quot;:&quot;fadeInLeft&quot;}\">\n\t\t<div class=\"elementor-element elementor-element-10f4b44 e-con-full elementor-hidden-mobile e-flex wpr-particle-no wpr-jarallax-no wpr-parallax-no wpr-sticky-section-no wpr-equal-height-no e-con e-child\" data-id=\"10f4b44\" data-element_type=\"container\" data-e-type=\"container\" data-settings=\"{&quot;background_background&quot;:&quot;classic&quot;}\">\n\t\t\t\t<div class=\"elementor-element elementor-element-e026481 elementor-widget elementor-widget-spacer\" data-id=\"e026481\" data-element_type=\"widget\" data-e-type=\"widget\" data-widget_type=\"spacer.default\">\n\t\t\t\t<div class=\"elementor-widget-container\">\n\t\t\t\t\t\t\t<div class=\"elementor-spacer\">\n\t\t\t<div class=\"elementor-spacer-inner\"><\/div>\n\t\t<\/div>\n\t\t\t\t\t\t<\/div>\n\t\t\t\t<\/div>\n\t\t\t\t<\/div>\n\t\t<div class=\"elementor-element elementor-element-3447258 e-con-full e-flex wpr-particle-no wpr-jarallax-no wpr-parallax-no wpr-sticky-section-no wpr-equal-height-no e-con e-child\" data-id=\"3447258\" data-element_type=\"container\" data-e-type=\"container\">\n\t\t\t\t<div class=\"elementor-element elementor-element-01936da elementor-widget elementor-widget-heading\" data-id=\"01936da\" data-element_type=\"widget\" data-e-type=\"widget\" data-widget_type=\"heading.default\">\n\t\t\t\t<div class=\"elementor-widget-container\">\n\t\t\t\t\t<h2 class=\"elementor-heading-title elementor-size-default\">Documentos para matr\u00edcula<\/h2>\t\t\t\t<\/div>\n\t\t\t\t<\/div>\n\t\t\t\t<\/div>\n\t\t\t\t<\/div>\n\t\t\t\t<div class=\"elementor-element elementor-element-e2a5577 elementor-invisible elementor-widget elementor-widget-text-editor\" data-id=\"e2a5577\" data-element_type=\"widget\" data-e-type=\"widget\" data-settings=\"{&quot;_animation&quot;:&quot;fadeInRight&quot;}\" data-widget_type=\"text-editor.default\">\n\t\t\t\t<div class=\"elementor-widget-container\">\n\t\t\t\t\t\t\t\t\t<ul><li>Requerimento de Matr\u00edcula;<\/li><li>Certificado ou Hist\u00f3rico Escolar de conclus\u00e3o do Ensino M\u00e9dio (apresenta\u00e7\u00e3o do original e c\u00f3pia simples ou c\u00f3pia autenticada) ou,<\/li><li>Declara\u00e7\u00e3o de escola, comprovando estar cursando a escolaridade m\u00ednima exigida (original);<\/li><li>Xerox do RG e CPF dos pais, no caso de alunos menores de 18 anos;<\/li><li>Xerox da Certid\u00e3o de nascimento\/casamento;<\/li><li>Xerox do RG e CPF do aluno;<\/li><li>2 fotos 3\u00d74 recentes;<\/li><li>Xerox do comprovante de endere\u00e7o com CEP;<\/li><li>Xerox do t\u00edtulo de eleitor, para os maiores de 18 anos, com comprova\u00e7\u00e3o de voto na \u00faltima elei\u00e7\u00e3o (fotoc\u00f3pia);<\/li><li>Prova de quita\u00e7\u00e3o com as obriga\u00e7\u00f5es militares para os alunos, do sexo masculino, maiores de 18 anos.<\/li><\/ul>\t\t\t\t\t\t\t\t<\/div>\n\t\t\t\t<\/div>\n\t\t\t\t\t<\/div>\n\t\t\t\t<\/div>\n\t\t\t\t<\/div>\n\t\t","protected":false},"excerpt":{"rendered":"<p>T\u00e9cnico em Portos T\u00e9cnico em Portos O T\u00e9cnico formado em Portos pelo CEA ser\u00e1 capaz de: Desenvolver atividades de gerenciamento, monitoramento, supervis\u00e3o, programa\u00e7\u00e3o e controle em opera\u00e7\u00f5es portu\u00e1rias diversas; Controlar, programar e coordenar opera\u00e7\u00f5es de transportes em geral, inclusive o transporte de cargas perigosas; Prestar suporte t\u00e9cnico em atividades de armazenamento de cargas, inclusive armazenagem de cargas perigosas; Supervisionar opera\u00e7\u00f5es de embarque, transbordo e desembarque de carga entre os diversos modos de transporte; Prestar suporte t\u00e9cnico para o agenciamento de embarca\u00e7\u00f5es; Encaminhar procedimentos de importa\u00e7\u00e3o e exporta\u00e7\u00e3o; Verificar as condi\u00e7\u00f5es de seguran\u00e7a dos meios de transportes, equipamentos utilizados e das cargas; Programar e supervisionar a manuten\u00e7\u00e3o de equipamentos eletromec\u00e2nicos de opera\u00e7\u00e3o portu\u00e1ria; Verificar e inspecionar a efici\u00eancia operacional de equipamentos e ve\u00edculos; Interpretar, elaborar e preparar a documenta\u00e7\u00e3o necess\u00e1ria ao desembara\u00e7o aduaneiro de cargas; Atender clientes internos e externos; Elaborar a cota\u00e7\u00e3o de pre\u00e7os de servi\u00e7os de transporte, inclusive transporte multimodal; Identificar e programar rotas de transporte de cargas; Utilizar tecnologias aplicadas ao processo de gest\u00e3o da informa\u00e7\u00e3o sobre Mais informa\u00e7\u00f5es Dura\u00e7\u00e3o do curso: \u00a018 meses Per\u00edodo: \u00a0Noturno Hor\u00e1rio de atendimento para matr\u00edcula: 11h \u00e0s 17h INVESTIMENTO: 18x de R$380,00 Fazer pr\u00e9-inscri\u00e7\u00e3o Documentos para matr\u00edcula Requerimento de Matr\u00edcula; Certificado ou Hist\u00f3rico Escolar de conclus\u00e3o do Ensino M\u00e9dio (apresenta\u00e7\u00e3o do original e c\u00f3pia simples ou c\u00f3pia autenticada) ou, Declara\u00e7\u00e3o de escola, comprovando estar cursando a escolaridade m\u00ednima exigida (original); Xerox do RG e CPF dos pais, no caso de alunos menores de 18 anos; Xerox da Certid\u00e3o de nascimento\/casamento; Xerox do RG e CPF do aluno; 2 fotos 3\u00d74 recentes; Xerox do comprovante de endere\u00e7o com CEP; Xerox do t\u00edtulo de eleitor, para os maiores de 18 anos, com comprova\u00e7\u00e3o de voto na \u00faltima elei\u00e7\u00e3o (fotoc\u00f3pia); Prova de quita\u00e7\u00e3o com as obriga\u00e7\u00f5es militares para os alunos, do sexo masculino, maiores de 18 anos.<\/p>\n","protected":false},"author":1,"featured_media":0,"parent":0,"menu_order":0,"comment_status":"closed","ping_status":"closed","template":"elementor_header_footer","meta":{"om_disable_all_campaigns":false,"_exactmetrics_skip_tracking":false,"_exactmetrics_sitenote_active":false,"_exactmetrics_sitenote_note":"","_exactmetrics_sitenote_category":0,"_monsterinsights_skip_tracking":false,"_monsterinsights_sitenote_active":false,"_monsterinsights_sitenote_note":"","_monsterinsights_sitenote_category":0,"_uf_show_specific_survey":0,"_uf_disable_surveys":false,"footnotes":""},"class_list":["post-6799","page","type-page","status-publish","hentry"],"aioseo_notices":[],"_links":{"self":[{"href":"https:\/\/cearacruz.com.br\/portal\/wp-json\/wp\/v2\/pages\/6799","targetHints":{"allow":["GET"]}}],"collection":[{"href":"https:\/\/cearacruz.com.br\/portal\/wp-json\/wp\/v2\/pages"}],"about":[{"href":"https:\/\/cearacruz.com.br\/portal\/wp-json\/wp\/v2\/types\/page"}],"author":[{"embeddable":true,"href":"https:\/\/cearacruz.com.br\/portal\/wp-json\/wp\/v2\/users\/1"}],"replies":[{"embeddable":true,"href":"https:\/\/cearacruz.com.br\/portal\/wp-json\/wp\/v2\/comments?post=6799"}],"version-history":[{"count":34,"href":"https:\/\/cearacruz.com.br\/portal\/wp-json\/wp\/v2\/pages\/6799\/revisions"}],"predecessor-version":[{"id":30945,"href":"https:\/\/cearacruz.com.br\/portal\/wp-json\/wp\/v2\/pages\/6799\/revisions\/30945"}],"wp:attachment":[{"href":"https:\/\/cearacruz.com.br\/portal\/wp-json\/wp\/v2\/media?parent=6799"}],"curies":[{"name":"wp","href":"https:\/\/api.w.org\/{rel}","templated":true}]}}